{"id":5791,"date":"2025-04-01T09:57:59","date_gmt":"2025-04-01T09:57:59","guid":{"rendered":"https:\/\/kaashandel-enschede.nl\/?post_type=product&#038;p=5791"},"modified":"2025-04-10T14:06:57","modified_gmt":"2025-04-10T14:06:57","slug":"35-kraeuter","status":"publish","type":"product","link":"https:\/\/kaashandel-enschede.nl\/de\/product\/35-kraeuter\/","title":{"rendered":"35+ Kr\u00e4uter"},"content":{"rendered":"<p class=\"\" data-start=\"75\" data-end=\"97\"><strong data-start=\"75\" data-end=\"97\">\u201eF\u00fcr den Aperitif\u201c<\/strong><\/p>\n<p class=\"\" data-start=\"99\" data-end=\"132\"><strong data-start=\"99\" data-end=\"132\">\u201eK\u00e4se mit dem gewissen Etwas\u201c<\/strong><\/p>\n<p class=\"\" data-start=\"134\" data-end=\"574\">Ob zum Aperitif, auf einem besonderen Sandwich oder einfach gegen den herzhaften Appetit: Dieser 35+ Kr\u00e4uterk\u00e4se ist eine gro\u00dfartige Wahl. Einerseits wegen seiner einzigartigen Zusammensetzung mit Paprika, Schnittlauch und Knoblauch. Andererseits, weil er aus teilentrahmter Milch hergestellt wird, was den K\u00e4se fett\u00e4rmer macht. Ein idealer K\u00e4se f\u00fcr jeden Tag. Denn weniger Fett bedeutet mehr K\u00e4se \u2013 finden wir jedenfalls. Genie\u00dfen Sie ihn!<\/p>\n<p class=\"\" data-start=\"576\" data-end=\"763\"><strong data-start=\"576\" data-end=\"599\">Zutaten (35+ K\u00e4se):<\/strong><br data-start=\"599\" data-end=\"602\" \/>Pasteurisierte <strong data-start=\"617\" data-end=\"629\">Kuhmilch<\/strong>, <strong data-start=\"631\" data-end=\"639\">Salz<\/strong>, <strong data-start=\"641\" data-end=\"662\">S\u00e4uerungskulturen<\/strong>, <strong data-start=\"664\" data-end=\"671\">Lab<\/strong>, <strong data-start=\"673\" data-end=\"696\">Konservierungsstoff<\/strong>: Natriumnitrat (E251), <strong data-start=\"720\" data-end=\"733\">Farbstoff<\/strong>: Annatto Norbixin (E160b(ii))<\/p>\n<p class=\"\" data-start=\"765\" data-end=\"794\"><strong data-start=\"765\" data-end=\"779\">Allergene:<\/strong><br data-start=\"779\" data-end=\"782\" \/><strong data-start=\"782\" data-end=\"794\">Kuhmilch<\/strong><\/p>\n<p class=\"\" data-start=\"796\" data-end=\"942\"><strong data-start=\"796\" data-end=\"839\">N\u00e4hrwerte (durchschnittlich pro 100 g):<\/strong><br data-start=\"839\" data-end=\"842\" \/>Energie: 1239 kJ \/ 300 kcal<br data-start=\"869\" data-end=\"872\" \/>Eiwei\u00df: 27 g<br data-start=\"884\" data-end=\"887\" \/>Kohlenhydrate: 0,1 g<br data-start=\"907\" data-end=\"910\" \/>Fett absolut: 20 g<br data-start=\"928\" data-end=\"931\" \/>Salz: 2,2 g<\/p>\n<p class=\"\" data-start=\"944\" data-end=\"1074\">Durch die Naturbelassenheit des K\u00e4ses, die nat\u00fcrliche Reifung und saisonale Einfl\u00fcsse k\u00f6nnen Schwankungen in den Werten auftreten.<\/p>\n","protected":false},"excerpt":{"rendered":"<div class=\"wp-block-column\">\n<div class=\"wp-block-column\">\n<p class=\"\" data-start=\"99\" data-end=\"132\"><strong data-start=\"99\" data-end=\"132\">\u201eK\u00e4se mit dem gewissen Etwas\u201c<\/strong><\/p>\n<p class=\"\" data-start=\"134\" data-end=\"574\">Ob zum Aperitif, auf einem besonderen Sandwich oder einfach gegen den herzhaften Appetit: Dieser 35+ Kr\u00e4uterk\u00e4se ist eine gro\u00dfartige Wahl. Einerseits wegen seiner einzigartigen Zusammensetzung mit Paprika, Schnittlauch und Knoblauch. Andererseits, weil er aus teilentrahmter Milch hergestellt wird, was den K\u00e4se fett\u00e4rmer macht. Ein idealer K\u00e4se f\u00fcr jeden Tag. Denn weniger Fett bedeutet mehr K\u00e4se \u2013 finden wir jedenfalls. Genie\u00dfen Sie ihn!<\/p>\n<\/div>\n<\/div>\n","protected":false},"featured_media":6006,"template":"","meta":{"_acf_changed":false},"etheme_brands":[],"product_brand":[],"product_cat":[43],"product_tag":[],"class_list":{"0":"post-5791","1":"product","2":"type-product","3":"status-publish","4":"has-post-thumbnail","6":"product_cat-35-kase","8":"first","9":"instock","10":"taxable","11":"shipping-taxable","12":"purchasable","13":"product-type-variable","14":"has-default-attributes"},"acf":[],"jetpack_sharing_enabled":true,"_links":{"self":[{"href":"https:\/\/kaashandel-enschede.nl\/de\/wp-json\/wp\/v2\/product\/5791","targetHints":{"allow":["GET"]}}],"collection":[{"href":"https:\/\/kaashandel-enschede.nl\/de\/wp-json\/wp\/v2\/product"}],"about":[{"href":"https:\/\/kaashandel-enschede.nl\/de\/wp-json\/wp\/v2\/types\/product"}],"version-history":[{"count":1,"href":"https:\/\/kaashandel-enschede.nl\/de\/wp-json\/wp\/v2\/product\/5791\/revisions"}],"predecessor-version":[{"id":5805,"href":"https:\/\/kaashandel-enschede.nl\/de\/wp-json\/wp\/v2\/product\/5791\/revisions\/5805"}],"wp:featuredmedia":[{"embeddable":true,"href":"https:\/\/kaashandel-enschede.nl\/de\/wp-json\/wp\/v2\/media\/6006"}],"wp:attachment":[{"href":"https:\/\/kaashandel-enschede.nl\/de\/wp-json\/wp\/v2\/media?parent=5791"}],"wp:term":[{"taxonomy":"brand","embeddable":true,"href":"https:\/\/kaashandel-enschede.nl\/de\/wp-json\/wp\/v2\/etheme_brands?post=5791"},{"taxonomy":"product_brand","embeddable":true,"href":"https:\/\/kaashandel-enschede.nl\/de\/wp-json\/wp\/v2\/product_brand?post=5791"},{"taxonomy":"product_cat","embeddable":true,"href":"https:\/\/kaashandel-enschede.nl\/de\/wp-json\/wp\/v2\/product_cat?post=5791"},{"taxonomy":"product_tag","embeddable":true,"href":"https:\/\/kaashandel-enschede.nl\/de\/wp-json\/wp\/v2\/product_tag?post=5791"}],"curies":[{"name":"wp","href":"https:\/\/api.w.org\/{rel}","templated":true}]}}

35+ Kräuter

<p class="" data-start="75" data-end="97"><strong data-start="75" data-end="97">„Für den Aperitif“</strong></p>
<p class="" data-start="99" data-end="132"><strong data-start="99" data-end="132">„Käse mit dem gewissen Etwas“</strong></p>
<p class="" data-start="134" data-end="574">Ob zum Aperitif, auf einem besonderen Sandwich oder einfach gegen den herzhaften Appetit: Dieser 35+ Kräuterkäse ist eine großartige Wahl. Einerseits wegen seiner einzigartigen Zusammensetzung mit Paprika, Schnittlauch und Knoblauch. Andererseits, weil er aus teilentrahmter Milch hergestellt wird, was den Käse fettärmer macht. Ein idealer Käse für jeden Tag. Denn weniger Fett bedeutet mehr Käse – finden wir jedenfalls. Genießen Sie ihn!</p>
<p class="" data-start="576" data-end="763"><strong data-start="576" data-end="599">Zutaten (35+ Käse):</strong><br data-start="599" data-end="602" />Pasteurisierte <strong data-start="617" data-end="629">Kuhmilch</strong>, <strong data-start="631" data-end="639">Salz</strong>, <strong data-start="641" data-end="662">Säuerungskulturen</strong>, <strong data-start="664" data-end="671">Lab</strong>, <strong data-start="673" data-end="696">Konservierungsstoff</strong>: Natriumnitrat (E251), <strong data-start="720" data-end="733">Farbstoff</strong>: Annatto Norbixin (E160b(ii))</p>
<p class="" data-start="765" data-end="794"><strong data-start="765" data-end="779">Allergene:</strong><br data-start="779" data-end="782" /><strong data-start="782" data-end="794">Kuhmilch</strong></p>
<p class="" data-start="796" data-end="942"><strong data-start="796" data-end="839">Nährwerte (durchschnittlich pro 100 g):</strong><br data-start="839" data-end="842" />Energie: 1239 kJ / 300 kcal<br data-start="869" data-end="872" />Eiweiß: 27 g<br data-start="884" data-end="887" />Kohlenhydrate: 0,1 g<br data-start="907" data-end="910" />Fett absolut: 20 g<br data-start="928" data-end="931" />Salz: 2,2 g</p>
<p class="" data-start="944" data-end="1074">Durch die Naturbelassenheit des Käses, die natürliche Reifung und saisonale Einflüsse können Schwankungen in den Werten auftreten.</p>

<div class="wp-block-column">
<div class="wp-block-column">
<p class="" data-start="99" data-end="132"><strong data-start="99" data-end="132">„Käse mit dem gewissen Etwas“</strong></p>
<p class="" data-start="134" data-end="574">Ob zum Aperitif, auf einem besonderen Sandwich oder einfach gegen den herzhaften Appetit: Dieser 35+ Kräuterkäse ist eine großartige Wahl. Einerseits wegen seiner einzigartigen Zusammensetzung mit Paprika, Schnittlauch und Knoblauch. Andererseits, weil er aus teilentrahmter Milch hergestellt wird, was den Käse fettärmer macht. Ein idealer Käse für jeden Tag. Denn weniger Fett bedeutet mehr Käse – finden wir jedenfalls. Genießen Sie ihn!</p>
</div>
</div>
