{"id":5790,"date":"2025-04-01T09:57:59","date_gmt":"2025-04-01T09:57:59","guid":{"rendered":"https:\/\/kaashandel-enschede.nl\/?post_type=product&#038;p=5790"},"modified":"2025-04-10T14:04:58","modified_gmt":"2025-04-10T14:04:58","slug":"35-kuemmel","status":"publish","type":"product","link":"https:\/\/kaashandel-enschede.nl\/de\/product\/35-kuemmel\/","title":{"rendered":"35+ K\u00fcmmel"},"content":{"rendered":"<p class=\"\" data-start=\"74\" data-end=\"103\"><strong data-start=\"74\" data-end=\"103\">\u201eWeniger Fett, mehr Biss\u201c<\/strong><\/p>\n<p class=\"\" data-start=\"105\" data-end=\"138\"><strong data-start=\"105\" data-end=\"138\">\u201eEine gro\u00dfartige Kombination\u201c<\/strong><\/p>\n<p class=\"\" data-start=\"140\" data-end=\"541\">K\u00fcmmel ist einfach wunderbar! Bei der K\u00e4seherstellung werden die K\u00fcmmelsamen gleichm\u00e4\u00dfig in die Milch gemischt. So entsteht ein feiner 35+ K\u00e4se mit dem Biss von K\u00fcmmel. Jeder Bissen ist kraftvoll \u2013 das liegt vor allem an der Kombination aus der sanften, cremigen K\u00e4setextur und dem leicht scharfen Charakter des K\u00fcmmels. Als Liebhaber von K\u00fcmmelk\u00e4se sollten Sie diesen unbedingt (jeden Tag) probieren.<\/p>\n<p class=\"\" data-start=\"543\" data-end=\"747\"><strong data-start=\"543\" data-end=\"566\">Zutaten (35+ K\u00e4se):<\/strong><br data-start=\"566\" data-end=\"569\" \/>Pasteurisierte <strong data-start=\"584\" data-end=\"596\">Kuhmilch<\/strong>, <strong data-start=\"598\" data-end=\"606\">Salz<\/strong>, <strong data-start=\"608\" data-end=\"629\">S\u00e4uerungskulturen<\/strong>, <strong data-start=\"631\" data-end=\"638\">Lab<\/strong>, <strong data-start=\"640\" data-end=\"655\">K\u00fcmmelsamen<\/strong>, <strong data-start=\"657\" data-end=\"680\">Konservierungsstoff<\/strong>: Natriumnitrat (E251), <strong data-start=\"704\" data-end=\"717\">Farbstoff<\/strong>: Annatto Norbixin (E160b(ii))<\/p>\n<p class=\"\" data-start=\"749\" data-end=\"778\"><strong data-start=\"749\" data-end=\"763\">Allergene:<\/strong><br data-start=\"763\" data-end=\"766\" \/><strong data-start=\"766\" data-end=\"778\">Kuhmilch<\/strong><\/p>\n<p class=\"\" data-start=\"780\" data-end=\"931\"><strong data-start=\"780\" data-end=\"823\">N\u00e4hrwerte (durchschnittlich pro 100 g):<\/strong><br data-start=\"823\" data-end=\"826\" \/>Energie: 1305 kJ \/ 313 kcal<br data-start=\"853\" data-end=\"856\" \/>Eiwei\u00df: 31,0 g<br data-start=\"870\" data-end=\"873\" \/>Kohlenhydrate: 0,1 g<br data-start=\"893\" data-end=\"896\" \/>Fett absolut: 20,3 g<br data-start=\"916\" data-end=\"919\" \/>Salz: 2,10 g<\/p>\n<p class=\"\" data-start=\"933\" data-end=\"1063\">Durch die Naturbelassenheit des K\u00e4ses, die nat\u00fcrliche Reifung und saisonale Einfl\u00fcsse k\u00f6nnen Schwankungen in den Werten auftreten.<\/p>\n","protected":false},"excerpt":{"rendered":"<div class=\"wp-block-column\">\n<div class=\"wp-block-column\">\n<div class=\"wp-block-column\">\n<p class=\"\" data-start=\"105\" data-end=\"138\"><strong data-start=\"105\" data-end=\"138\">\u201eEine gro\u00dfartige Kombination\u201c<\/strong><\/p>\n<p class=\"\" data-start=\"140\" data-end=\"541\">K\u00fcmmel ist einfach wunderbar! Bei der K\u00e4seherstellung werden die K\u00fcmmelsamen gleichm\u00e4\u00dfig in die Milch gemischt. So entsteht ein feiner 35+ K\u00e4se mit dem Biss von K\u00fcmmel. Jeder Bissen ist kraftvoll \u2013 das liegt vor allem an der Kombination aus der sanften, cremigen K\u00e4setextur und dem leicht scharfen Charakter des K\u00fcmmels. Als Liebhaber von K\u00fcmmelk\u00e4se sollten Sie diesen unbedingt (jeden Tag) probieren.<\/p>\n<\/div>\n<\/div>\n<\/div>\n","protected":false},"featured_media":5977,"template":"","meta":{"_acf_changed":false},"etheme_brands":[],"product_brand":[],"product_cat":[43],"product_tag":[],"class_list":{"0":"post-5790","1":"product","2":"type-product","3":"status-publish","4":"has-post-thumbnail","6":"product_cat-35-kase","8":"first","9":"instock","10":"taxable","11":"shipping-taxable","12":"purchasable","13":"product-type-variable","14":"has-default-attributes"},"acf":[],"jetpack_sharing_enabled":true,"_links":{"self":[{"href":"https:\/\/kaashandel-enschede.nl\/de\/wp-json\/wp\/v2\/product\/5790","targetHints":{"allow":["GET"]}}],"collection":[{"href":"https:\/\/kaashandel-enschede.nl\/de\/wp-json\/wp\/v2\/product"}],"about":[{"href":"https:\/\/kaashandel-enschede.nl\/de\/wp-json\/wp\/v2\/types\/product"}],"version-history":[{"count":1,"href":"https:\/\/kaashandel-enschede.nl\/de\/wp-json\/wp\/v2\/product\/5790\/revisions"}],"predecessor-version":[{"id":5801,"href":"https:\/\/kaashandel-enschede.nl\/de\/wp-json\/wp\/v2\/product\/5790\/revisions\/5801"}],"wp:featuredmedia":[{"embeddable":true,"href":"https:\/\/kaashandel-enschede.nl\/de\/wp-json\/wp\/v2\/media\/5977"}],"wp:attachment":[{"href":"https:\/\/kaashandel-enschede.nl\/de\/wp-json\/wp\/v2\/media?parent=5790"}],"wp:term":[{"taxonomy":"brand","embeddable":true,"href":"https:\/\/kaashandel-enschede.nl\/de\/wp-json\/wp\/v2\/etheme_brands?post=5790"},{"taxonomy":"product_brand","embeddable":true,"href":"https:\/\/kaashandel-enschede.nl\/de\/wp-json\/wp\/v2\/product_brand?post=5790"},{"taxonomy":"product_cat","embeddable":true,"href":"https:\/\/kaashandel-enschede.nl\/de\/wp-json\/wp\/v2\/product_cat?post=5790"},{"taxonomy":"product_tag","embeddable":true,"href":"https:\/\/kaashandel-enschede.nl\/de\/wp-json\/wp\/v2\/product_tag?post=5790"}],"curies":[{"name":"wp","href":"https:\/\/api.w.org\/{rel}","templated":true}]}}

35+ Kümmel

<p class="" data-start="74" data-end="103"><strong data-start="74" data-end="103">„Weniger Fett, mehr Biss“</strong></p>
<p class="" data-start="105" data-end="138"><strong data-start="105" data-end="138">„Eine großartige Kombination“</strong></p>
<p class="" data-start="140" data-end="541">Kümmel ist einfach wunderbar! Bei der Käseherstellung werden die Kümmelsamen gleichmäßig in die Milch gemischt. So entsteht ein feiner 35+ Käse mit dem Biss von Kümmel. Jeder Bissen ist kraftvoll – das liegt vor allem an der Kombination aus der sanften, cremigen Käsetextur und dem leicht scharfen Charakter des Kümmels. Als Liebhaber von Kümmelkäse sollten Sie diesen unbedingt (jeden Tag) probieren.</p>
<p class="" data-start="543" data-end="747"><strong data-start="543" data-end="566">Zutaten (35+ Käse):</strong><br data-start="566" data-end="569" />Pasteurisierte <strong data-start="584" data-end="596">Kuhmilch</strong>, <strong data-start="598" data-end="606">Salz</strong>, <strong data-start="608" data-end="629">Säuerungskulturen</strong>, <strong data-start="631" data-end="638">Lab</strong>, <strong data-start="640" data-end="655">Kümmelsamen</strong>, <strong data-start="657" data-end="680">Konservierungsstoff</strong>: Natriumnitrat (E251), <strong data-start="704" data-end="717">Farbstoff</strong>: Annatto Norbixin (E160b(ii))</p>
<p class="" data-start="749" data-end="778"><strong data-start="749" data-end="763">Allergene:</strong><br data-start="763" data-end="766" /><strong data-start="766" data-end="778">Kuhmilch</strong></p>
<p class="" data-start="780" data-end="931"><strong data-start="780" data-end="823">Nährwerte (durchschnittlich pro 100 g):</strong><br data-start="823" data-end="826" />Energie: 1305 kJ / 313 kcal<br data-start="853" data-end="856" />Eiweiß: 31,0 g<br data-start="870" data-end="873" />Kohlenhydrate: 0,1 g<br data-start="893" data-end="896" />Fett absolut: 20,3 g<br data-start="916" data-end="919" />Salz: 2,10 g</p>
<p class="" data-start="933" data-end="1063">Durch die Naturbelassenheit des Käses, die natürliche Reifung und saisonale Einflüsse können Schwankungen in den Werten auftreten.</p>

<div class="wp-block-column">
<div class="wp-block-column">
<div class="wp-block-column">
<p class="" data-start="105" data-end="138"><strong data-start="105" data-end="138">„Eine großartige Kombination“</strong></p>
<p class="" data-start="140" data-end="541">Kümmel ist einfach wunderbar! Bei der Käseherstellung werden die Kümmelsamen gleichmäßig in die Milch gemischt. So entsteht ein feiner 35+ Käse mit dem Biss von Kümmel. Jeder Bissen ist kraftvoll – das liegt vor allem an der Kombination aus der sanften, cremigen Käsetextur und dem leicht scharfen Charakter des Kümmels. Als Liebhaber von Kümmelkäse sollten Sie diesen unbedingt (jeden Tag) probieren.</p>
</div>
</div>
</div>
